t the prime factors of m.
41
Suppose 167*d - 168*d - 2 = 0. List the prime factors of (d/4 + -2)*(-1598)/47.
5, 17
Let d = 18638 + -16786. List the prime factors of d.
2, 463
Let j be (5 - (4 - (-4 + -2))) + 607. Suppose 2*u - p = 5*u - 1767, -u + 4*p + j = 0. List the prime factors of u.
2, 5, 59
Suppose 3*i = 20*i + 1122. List the prime factors of (i - -63) + 615/1.
2, 3, 17
Let m(s) = -115*s + 579. Let j be m(5). Let v(z) = -z**2 - z. Let p be v(0). Suppose 3*d - d + 5*l - 258 = p, 3*l + 464 = j*d. What are the prime factors of d?
7, 17
Let u(d) = 19*d**3 - 2*d**2 - 8*d + 19. Let m be u(2). Let l = 392 - m. What are the prime factors of l?
5, 7
Let z = 25 + -48. Suppose 3*t = 6*t - 6, l + 4*t = 235. Let x = z + l. List the prime factors of x.
2, 3, 17
Let s be (-832)/20 - (-16)/(-40). What are the prime factors of (-4)/s + ((-24688)/(-84) - 4)?
2, 5, 29
Let l = -73 - -80. Let z(q) = q - 2. Let h be z(l). Suppose h*t - 1013 = -2*w, -w = 2*t - 3*w - 394. What are the prime factors of t?
3, 67
Suppose a - 4*a = 0. Suppose a = -s - 0 - 2, 4*s + 754 = 2*p. List the prime factors of p.
373
Let h(o) = -o**2 - 12*o + 13. Let q be h(-13). Let f be (-20)/((-6)/3 - q). Suppose y = -f + 12. What are the prime factors of y?
2
Let o(x) = -2*x**3 - 25*x**2 + 246*x + 127. What are the prime factors of o(-30)?
24247
Suppose 4*c - 46 = -5*t - 11, -c = 3*t - 7. Suppose -14*a + c*a + 5*f = -6044, -3022 = -2*a - 5*f. List the prime factors of a.
1511
Suppose -41*h + 27*h + 34062 = 0. Suppose 7695 = 8*z - h. What are the prime factors of z?
2, 3, 211
Suppose -24*w = -47941 - 41267. Let y = w + -2161. List the prime factors of y.
2, 389
Let c = 2266 - 1363. Suppose -4*y = -u - 0*u - c, -y + 231 = -2*u. List the prime factors of y.
3, 5
Suppose -7948 = 5*q - 74448. List the prime factors of q.
2, 5, 7, 19
Let g = -12645 + 17697. List the prime factors of g.
2, 3, 421
Let s(c) = c**2 - 22*c - 8 + 3*c + 26 + 22. Let p be s(19). Suppose 17*b + p = 18*b. List the prime factors of b.
2, 5
Suppose -85 = -5*v - 2*m, 35 = 4*v + 4*m - 9*m. Suppose 2*f - 4*r - v = 177, -5*f = 3*r - 428. What are the prime factors of f?
2, 11
Suppose -140*l + 834766 + 1346574 = 0. List the prime factors of l.
15581
Let p = 4509 + -1643. List the prime factors of p.
2, 1433
Suppose -46*a + 1090 = -41*a. Let i = a + -191. What are the prime factors of i?
3
Suppose -6948 - 30792 = -6*x. List the prime factors of x.
2, 5, 17, 37
Let z = -53414 + 82998. What are the prime factors of z?
2, 43
Suppose -8*q - 56254 = -19*q. Let u = q + -3418. What are the prime factors of u?
2, 53
Let f = 8992 + 46152. List the prime factors of f.
2, 61, 113
Let a(m) = -4*m - 9. Let s be a(-3). Suppose -4*r + s*v = r - 382, -v - 152 = -2*r. Suppose -y + 195 - r = 0. List the prime factors of y.
11
Suppose -3*t = 5*u - 31, 1 + 1 = u. Suppose 5*o - a = 10, t*o = 2*o - 4*a + 10. What are the prime factors of (-3)/o - (-1836)/24?
3, 5
Let g(c) = -c**2 - 4*c + 3. Let b be g(2). Let h(n) = 64*n + 12. Let p(o) = -22*o - 3. Let t(l) = -6*h(l) - 17*p(l). List the prime factors of t(b).
3, 23
Let p(l) = l**3 + 27*l**2 + 38*l + 22. Suppose -3*v = -5*v + 8, 80 = -4*o - 5*v. List the prime factors of p(o).
2, 7, 23
Suppose 58088 + 19089 - 7885 = 17*l. List the prime factors of l.
2, 1019
What are the prime factors of (-2097613)/(-35) + 2 + 190/(-50)?
2, 5, 13, 461
Let l(w) = -8*w**3 - 3*w**2 - 41*w + 19. Let q be l(-8). Suppose -318 = -3*z - 5*u + 2240, -q = -5*z + 4*u. What are the prime factors of z?
23, 37
Suppose -i - 30*l + 33*l = -6, 0 = -i - l + 2. Let y = -325 + 940. Suppose -4*h = -i*c - y, h + 0*c - 145 = -c. List the prime factors of h.
2, 3, 5
Suppose -31*w = -108*w + 1815934 + 905015. What are the prime factors of w?
3, 11779
List the prime factors of (42/56*9832)/(5/(60/8)).
3, 1229
Let y(d) = d**3 - 57*d**2 - 83*d + 9. List the prime factors of y(59).
2, 17, 61
Suppose 9*f - 8930 - 13111 = 0. Suppose 0 = -10*t + 1 + f. List the prime factors of t.
5, 7
Let v be (3/4)/(-1) + (-1638)/312. What are the prime factors of 3854*(91/14 + v)?
41, 47
Let s be (-2 + (-16)/(-8))*1/(-3). Suppose s = -9*k - 9*k + 3060. List the prime factors of k.
2, 5, 17
Let x(b) = b**2 + 150*b + 4 + 2 - 151*b. What are the prime factors of x(16)?
2, 3, 41
Let a = 182 + -188. List the prime factors of (-1)/(3837/(-639) - a).
3, 71
Let k = -98 - -103. Suppose -h + 744 = 2*r - 4*r, -k*h - r + 3775 = 0. What are the prime factors of h?
2, 13, 29
Suppose 77254 = 3*w - f - 28407, 3*w - 105669 = 3*f. What are the prime factors of w?
41, 859
Let b(j) = 22*j + 98. Let n be b(32). Let z = -376 + n. What are the prime factors of z?
2, 3, 71
Let b = 52709 - 37277. What are the prime factors of b?
2, 3, 643
Suppose 5*b = 2*d + 681, 1694 = -d - 4*d + 4*b. Let a = -15 - d. List the prime factors of a.
17, 19
Let z be 3 + 58/(-18) + 778/18. Suppose -17*t - z - 8 = 0. Let x(d) = 30*d**2 - 2*d - 7. What are the prime factors of x(t)?
269
Let u(y) = 408*y**3 - y**2 - 10*y - 8. List the prime factors of u(4).
2, 11, 37
Let j(v) = -98*v + 8921. What are the prime factors of j(-74)?
3, 599
Let s = 25301 - 15208. What are the prime factors of s?
10093
Let b be ((-15)/10 + 4)/((-5)/(-4)). Suppose b*g - 1015 + 173 = 0. What are the prime factors of g?
421
Let b(z) = -5*z + 70. Let p be b(14). Suppose p = -4*u + 898 + 1254. What are the prime factors of u?
2, 269
Let l(c) = c**2 + c. Let b(y) = -68*y**2 + 6*y - 1. Let u(i) = -b(i) + 4*l(i). Suppose -5*f + 23 = 3*v, -7 = -f - 2*v + 6. What are the prime factors of u(f)?
71
Suppose -3*n - 2*l - 16 = 0, 4*l = -5*n - 16 - 12. Let k(w) be the third derivative of w**5/5 + 5*w**4/24 + 4*w**3/3 - w**2. List the prime factors of k(n).
2, 3, 5
Let x = 12 - 7. Let n(v) be the first derivative of v**4/2 - 2*v**3/3 + 4*v**2 - 14*v + 273. What are the prime factors of n(x)?
2, 113
Let o be 1/((21/(-28))/3). List the prime factors of 632/16 - (-10)/o.
37
Suppose 37961 = -131*d + 133*d + 3*a, 3*a + 18958 = d. What are the prime factors of d?
18973
Let i = 2042 + 1047. List the prime factors of i.
3089
Let k = -321 - -314. Let d(i) = -9*i + 8*i**2 - 3*i**2 + i**3 - 2 + i**2. What are the prime factors of d(k)?
2, 3
Let q = -1145 - -2124. Suppose -q = -5*n - j + 1956, n + 5*j = 563. What are the prime factors of n?
2, 3, 7
Suppose 2*b - 28 = -3*d + 4, 3*b - 52 = -5*d. Suppose -d = -3*m - 32. What are the prime factors of m/(-20) + 240/25?
2, 5
Suppose x + 25 = 4*u - 28, 4*x + 44 = 4*u. Suppose 0 = 15*h - u*h - 504. What are the prime factors of 16/(-6)*h/(-14)?
2, 3
Let w(s) = 2*s**2 + 3*s - 47. Let p be w(-31). Suppose -p = 8*v - 19*v. List the prime factors of v.
2, 3
List the prime factors of 12*15/((-420)/(-10031)).
3, 1433
Let x = 4632 - -1534. List the prime factors of x.
2, 3083
Suppose -3*f + t = -106750, -t + 35578 = 42*f - 41*f. List the prime factors of f.
2, 17791
Suppose -16 = -4*p, -61*s + 57*s + 112936 = -2*p. What are the prime factors of s?
2, 3, 13, 181
Let s(k) = 4*k**3 + 14*k**2 + 12*k + 27. Let u(o) = -o**2 - o - 1. Let c(p) = -s(p) - 3*u(p). List the prime factors of c(-8).
2, 3, 29
Let k = 6834 - 3551. List the prime factors of k.
7, 67
Suppose u + 3*u = -16. Let f(v) = -v**3 + 1. Let b(q) = 5*q**3 - 10*q**2 + 12*q - 22. Let s(a) = u*f(a) - b(a). List the prime factors of s(8).
2, 5
Let z = -27 - 268. Let m be -3 + 2 + (-1)/(5/z). Suppose -3*y + m + 41 = 0. What are the prime factors of y?
3, 11
Suppose -3895*h = -3901*h + 30. Suppose -4*g + 8*j - 12*j + 7868 = 0, 0 = -g + h*j + 1949. List the prime factors of g.
2, 491
Suppose -195 - 85 = 14*x. Let w(f) = f**3 + 21*f**2 - 2*f + 7. List the prime factors of w(x).
3, 149
Let m be (-45)/18*2274/(-5). Suppose 4641 - m = 4*r. What are the prime factors of r?
2, 3, 73
Let i be (-2)/(-9)*1 + (-53210)/90. Let u be i/(-3) - 8/(-2). Suppose 2*n = -4*l + 118, -n + u = 2*n - 2*l. List the prime factors of n.
5, 13
Suppose 0 = -41*i + 45*i - 2784. What are the prime factors of (i/32)/((-15)/(-20))?
29
Suppose 69*o = 75*o - 307464. Suppose 0 = 14*f + 32*f - o. What are the prime factors of f?
2, 557
Suppose -s - 6*v + 1766 = -8*v, 2*s + v - 3512 = 0. List the prime factors of s.
2, 3, 293
Suppose 21*i - 17*i = -228. Let q = -55 - i. Suppose 4*u = 3*o - 346, -2*u - u + 2